{"id":669,"date":"2021-06-18T11:05:33","date_gmt":"2021-06-18T09:05:33","guid":{"rendered":"https:\/\/eleanora-allerdings.de\/2021\/?page_id=669"},"modified":"2025-10-31T12:21:27","modified_gmt":"2025-10-31T11:21:27","slug":"lernen","status":"publish","type":"page","link":"https:\/\/eleanora-allerdings.de\/2021\/lernen\/","title":{"rendered":"Theaterp\u00e4dagogik lernen"},"content":{"rendered":"\n<p class=\"has-text-color has-normal-font-size\" style=\"color:#ad7521\">Seit 2002 unterrichte ich als <strong>Dozentin bei DAS Ei Theaterp\u00e4dagogisches Institut Bayern e.v. <\/strong>p\u00e4dagogische Regie in der Grundlagenbildung, \u201cDokutheater\u201d und \u201cPhysisches Theater\u201d in der Aufbaustufe, sowie Workshops im offenen Programm : \u201cTraining f\u00fcr bewegtes Theater\u201d oder \u201cLichtgestaltung\u201d in N\u00fcrnberg und M\u00fcnchen.&nbsp; <br>Wer THEATERP\u00c4DAGOGIK lernen m\u00f6chte, ist bei uns gut aufgehoben! Einige Module <br>kann man auch einzeln buchen. <\/p>\n\n\n\n<p class=\"has-text-color has-normal-font-size\" style=\"color:#ad7521\">Theaterp\u00e4dagogisches Institut Bayern DAS Ei e.V.&nbsp;<a rel=\"noreferrer noopener\" href=\"http:\/\/www.dasei.eu\/\" target=\"_blank\">www.dasei.eu<\/a><\/p>\n\n\n\n<div class=\"wp-block-jetpack-layout-grid alignfull column1-desktop-grid__span-5 column1-desktop-grid__start-2 column1-desktop-grid__row-1 column2-desktop-grid__span-5 column2-desktop-grid__start-8 column2-desktop-grid__row-1 column1-tablet-grid__span-4 column1-tablet-grid__row-1 column2-tablet-grid__span-4 column2-tablet-grid__start-5 column2-tablet-grid__row-1 column1-mobile-grid__span-4 column1-mobile-grid__row-1 column2-mobile-grid__span-4 column2-mobile-grid__row-2 wp-block-jetpack-layout-gutter__medium\">\n<div class=\"wp-block-jetpack-layout-grid-column wp-block-jetpack-layout-grid__padding-none is-vertically-aligned-top\">\n<h2 class=\"wp-block-heading\">#<strong>P\u00e4dagogische Regie<\/strong><\/h2>\n\n\n\n<figure class=\"wp-block-image size-large\"><img loading=\"lazy\" decoding=\"async\" width=\"1024\" height=\"1024\" src=\"https:\/\/eleanora-allerdings.de\/2021\/wp-content\/uploads\/2025\/10\/272_dasei2022_I8A5969-1-1024x1024.jpg\" alt=\"\" class=\"wp-image-1810\" srcset=\"https:\/\/eleanora-allerdings.de\/2021\/wp-content\/uploads\/2025\/10\/272_dasei2022_I8A5969-1-1024x1024.jpg 1024w, https:\/\/eleanora-allerdings.de\/2021\/wp-content\/uploads\/2025\/10\/272_dasei2022_I8A5969-1-300x300.jpg 300w, https:\/\/eleanora-allerdings.de\/2021\/wp-content\/uploads\/2025\/10\/272_dasei2022_I8A5969-1-150x150.jpg 150w, https:\/\/eleanora-allerdings.de\/2021\/wp-content\/uploads\/2025\/10\/272_dasei2022_I8A5969-1-768x768.jpg 768w, https:\/\/eleanora-allerdings.de\/2021\/wp-content\/uploads\/2025\/10\/272_dasei2022_I8A5969-1-1536x1536.jpg 1536w, https:\/\/eleanora-allerdings.de\/2021\/wp-content\/uploads\/2025\/10\/272_dasei2022_I8A5969-1-2048x2048.jpg 2048w, https:\/\/eleanora-allerdings.de\/2021\/wp-content\/uploads\/2025\/10\/272_dasei2022_I8A5969-1-100x100.jpg 100w\" sizes=\"auto, (max-width: 767px) 89vw, (max-width: 1000px) 54vw, (max-width: 1071px) 543px, 580px\" \/><\/figure>\n\n\n\n<p style=\"font-size:14px\">Zwischen Juni 2026 und Dezember 2026 bietet DAS Ei die M\u00f6glichkeit einer # Fortbildung an 5-7 Terminen #Theaterp\u00e4dagogische Regie. F\u00fcr Solo-Selbst\u00e4ndige m\u00f6gliche F\u00f6rderung via <a href=\"https:\/\/www.esf.de\/portal\/DE\/ESF-Plus-2021-2027\/Foerderprogramme\/bmas\/kompass.html\">KOMPASS<\/a><\/p>\n\n\n\n<h3 class=\"wp-block-heading\">#<strong>Training f\u00fcr bewegtes Theater<\/strong><\/h3>\n\n\n\n<figure class=\"wp-block-image size-large\"><img loading=\"lazy\" decoding=\"async\" width=\"768\" height=\"1024\" src=\"https:\/\/eleanora-allerdings.de\/2021\/wp-content\/uploads\/2021\/05\/lernen-768x1024.jpg\" alt=\"\" class=\"wp-image-509\" srcset=\"https:\/\/eleanora-allerdings.de\/2021\/wp-content\/uploads\/2021\/05\/lernen-768x1024.jpg 768w, https:\/\/eleanora-allerdings.de\/2021\/wp-content\/uploads\/2021\/05\/lernen-225x300.jpg 225w, https:\/\/eleanora-allerdings.de\/2021\/wp-content\/uploads\/2021\/05\/lernen-1152x1536.jpg 1152w, https:\/\/eleanora-allerdings.de\/2021\/wp-content\/uploads\/2021\/05\/lernen-1536x2048.jpg 1536w, https:\/\/eleanora-allerdings.de\/2021\/wp-content\/uploads\/2021\/05\/lernen-scaled.jpg 1920w\" sizes=\"auto, (max-width: 767px) 89vw, (max-width: 1000px) 54vw, (max-width: 1071px) 543px, 580px\" \/><\/figure>\n\n\n\n<p>geplant f\u00fcr <em>M\u00fcnchen  5.-7.3.2027<\/em> <\/p>\n<\/div>\n\n\n\n<div class=\"wp-block-jetpack-layout-grid-column wp-block-jetpack-layout-grid__padding-none is-vertically-aligned-top\">\n<h2 class=\"wp-block-heading\"><strong>#Physisches Theater<\/strong><\/h2>\n\n\n\n<figure class=\"wp-block-image size-large\"><img loading=\"lazy\" decoding=\"async\" width=\"768\" height=\"1024\" src=\"https:\/\/eleanora-allerdings.de\/2021\/wp-content\/uploads\/2021\/05\/img_20170723_141712-768x1024.jpg\" alt=\"\" class=\"wp-image-510\" srcset=\"https:\/\/eleanora-allerdings.de\/2021\/wp-content\/uploads\/2021\/05\/img_20170723_141712-768x1024.jpg 768w, https:\/\/eleanora-allerdings.de\/2021\/wp-content\/uploads\/2021\/05\/img_20170723_141712-225x300.jpg 225w, https:\/\/eleanora-allerdings.de\/2021\/wp-content\/uploads\/2021\/05\/img_20170723_141712-1152x1536.jpg 1152w, https:\/\/eleanora-allerdings.de\/2021\/wp-content\/uploads\/2021\/05\/img_20170723_141712-1536x2048.jpg 1536w, https:\/\/eleanora-allerdings.de\/2021\/wp-content\/uploads\/2021\/05\/img_20170723_141712-scaled.jpg 1920w\" sizes=\"auto, (max-width: 767px) 89vw, (max-width: 1000px) 54vw, (max-width: 1071px) 543px, 580px\" \/><\/figure>\n\n\n\n<p style=\"font-size:14px\"><strong><em>n\u00e4chste Durchf\u00fchrung 2027 <\/em><\/strong><em>M\u00fcnchen und Burgstallm\u00fchle<\/em>\/ Bechhofen<\/p>\n\n\n\n<h4 class=\"wp-block-heading\">#<strong>Dokumentarisches Theater <\/strong><\/h4>\n\n\n\n<figure class=\"wp-block-image size-large\"><img loading=\"lazy\" decoding=\"async\" width=\"768\" height=\"1024\" src=\"https:\/\/eleanora-allerdings.de\/2021\/wp-content\/uploads\/2021\/05\/dokutheater_2018_1-768x1024.jpg\" alt=\"\" class=\"wp-image-506\" srcset=\"https:\/\/eleanora-allerdings.de\/2021\/wp-content\/uploads\/2021\/05\/dokutheater_2018_1-768x1024.jpg 768w, https:\/\/eleanora-allerdings.de\/2021\/wp-content\/uploads\/2021\/05\/dokutheater_2018_1-225x300.jpg 225w, https:\/\/eleanora-allerdings.de\/2021\/wp-content\/uploads\/2021\/05\/dokutheater_2018_1-1152x1536.jpg 1152w, https:\/\/eleanora-allerdings.de\/2021\/wp-content\/uploads\/2021\/05\/dokutheater_2018_1-1536x2048.jpg 1536w, https:\/\/eleanora-allerdings.de\/2021\/wp-content\/uploads\/2021\/05\/dokutheater_2018_1-scaled.jpg 1920w\" sizes=\"auto, (max-width: 767px) 89vw, (max-width: 1000px) 54vw, (max-width: 1071px) 543px, 580px\" \/><\/figure>\n\n\n\n<p style=\"font-size:14px\">N\u00e4chste Durchf\u00fchrung 2028<br>in M\u00fcnchen<\/p>\n\n\n\n<h3 class=\"wp-block-heading\">#<strong>Lichtgestaltung<\/strong><\/h3>\n\n\n\n<figure class=\"wp-block-image size-large is-resized\"><img loading=\"lazy\" decoding=\"async\" width=\"768\" height=\"1024\" src=\"https:\/\/eleanora-allerdings.de\/2021\/wp-content\/uploads\/2021\/06\/IMG_20180218_134413-768x1024.jpg\" alt=\"\" class=\"wp-image-756\" style=\"width:198px;height:264px\" srcset=\"https:\/\/eleanora-allerdings.de\/2021\/wp-content\/uploads\/2021\/06\/IMG_20180218_134413-768x1024.jpg 768w, https:\/\/eleanora-allerdings.de\/2021\/wp-content\/uploads\/2021\/06\/IMG_20180218_134413-225x300.jpg 225w, https:\/\/eleanora-allerdings.de\/2021\/wp-content\/uploads\/2021\/06\/IMG_20180218_134413-1152x1536.jpg 1152w, https:\/\/eleanora-allerdings.de\/2021\/wp-content\/uploads\/2021\/06\/IMG_20180218_134413-1536x2048.jpg 1536w, https:\/\/eleanora-allerdings.de\/2021\/wp-content\/uploads\/2021\/06\/IMG_20180218_134413-scaled.jpg 1920w\" sizes=\"auto, (max-width: 767px) 89vw, (max-width: 1000px) 54vw, (max-width: 1071px) 543px, 580px\" \/><figcaption class=\"wp-element-caption\"><strong>auf Anfrage f\u00fcr Gruppen<\/strong>, F\u00fcrth, Tanzzentrale<\/figcaption><\/figure>\n\n\n\n<div style=\"height:34px\" aria-hidden=\"true\" class=\"wp-block-spacer\"><\/div>\n<\/div>\n<\/div>\n\n\n\n<p><\/p>\n","protected":false},"excerpt":{"rendered":"<p>Seit 2002 unterrichte ich als Dozentin bei DAS Ei Theaterp\u00e4dagogisches Institut Bayern e.v. p\u00e4dagogische Regie in der Grundlagenbildung, \u201cDokutheater\u201d und \u201cPhysisches Theater\u201d in der Aufbaustufe, sowie Workshops im offenen Programm : \u201cTraining f\u00fcr bewegtes Theater\u201d oder \u201cLichtgestaltung\u201d in N\u00fcrnberg und M\u00fcnchen.&nbsp; Wer THEATERP\u00c4DAGOGIK lernen m\u00f6chte, ist bei uns gut aufgehoben! Einige Module kann man auch &hellip; <\/p>\n<p class=\"link-more\"><a href=\"https:\/\/eleanora-allerdings.de\/2021\/lernen\/\" class=\"more-link\"><span class=\"screen-reader-text\">\u201eTheaterp\u00e4dagogik lernen\u201c <\/span>weiterlesen<\/a><\/p>\n","protected":false},"author":1,"featured_media":0,"parent":0,"menu_order":0,"comment_status":"closed","ping_status":"closed","template":"","meta":{"footnotes":""},"class_list":["post-669","page","type-page","status-publish","hentry"],"jetpack_sharing_enabled":true,"_links":{"self":[{"href":"https:\/\/eleanora-allerdings.de\/2021\/wp-json\/wp\/v2\/pages\/669","targetHints":{"allow":["GET"]}}],"collection":[{"href":"https:\/\/eleanora-allerdings.de\/2021\/wp-json\/wp\/v2\/pages"}],"about":[{"href":"https:\/\/eleanora-allerdings.de\/2021\/wp-json\/wp\/v2\/types\/page"}],"author":[{"embeddable":true,"href":"https:\/\/eleanora-allerdings.de\/2021\/wp-json\/wp\/v2\/users\/1"}],"replies":[{"embeddable":true,"href":"https:\/\/eleanora-allerdings.de\/2021\/wp-json\/wp\/v2\/comments?post=669"}],"version-history":[{"count":10,"href":"https:\/\/eleanora-allerdings.de\/2021\/wp-json\/wp\/v2\/pages\/669\/revisions"}],"predecessor-version":[{"id":1816,"href":"https:\/\/eleanora-allerdings.de\/2021\/wp-json\/wp\/v2\/pages\/669\/revisions\/1816"}],"wp:attachment":[{"href":"https:\/\/eleanora-allerdings.de\/2021\/wp-json\/wp\/v2\/media?parent=669"}],"curies":[{"name":"wp","href":"https:\/\/api.w.org\/{rel}","templated":true}]}}