{"id":601,"date":"2021-06-14T12:04:00","date_gmt":"2021-06-14T10:04:00","guid":{"rendered":"https:\/\/eleanora-allerdings.de\/2021\/?page_id=601"},"modified":"2021-08-03T10:38:18","modified_gmt":"2021-08-03T08:38:18","slug":"kinder-2","status":"publish","type":"page","link":"https:\/\/eleanora-allerdings.de\/2021\/kinder-2\/","title":{"rendered":"+ Kinder"},"content":{"rendered":"\n<p class=\"has-text-color\" style=\"color:#ad7521\">Ausgehend von einem Thema oder einem spannenden Format erarbeite ich Auff\u00fchrungen mit Kindern und finde mit ihnen gemeinsam spannende Wege zum Zeigen. Hier eine kleine Auswahl von Themen und Formaten der letzten Jahre:<\/p>\n\n\n\n<div class=\"wp-block-jetpack-layout-grid alignfull column1-desktop-grid__span-5 column1-desktop-grid__row-1 column2-desktop-grid__span-5 column2-desktop-grid__start-7 column2-desktop-grid__row-1 column1-tablet-grid__span-4 column1-tablet-grid__row-1 column2-tablet-grid__span-4 column2-tablet-grid__start-5 column2-tablet-grid__row-1 column1-mobile-grid__span-4 column1-mobile-grid__row-1 column2-mobile-grid__span-4 column2-mobile-grid__row-2 wp-block-jetpack-layout-gutter__nowrap wp-block-jetpack-layout-gutter__none\">\n<div class=\"wp-block-jetpack-layout-grid-column wp-block-jetpack-layout-grid__padding-none\">\n<p style=\"font-size:14px\"><strong>Der Weidenbaumtraum: <br><\/strong>Ein irisches M\u00e4rchen &amp; die wahre <br>Geschichte der Baumfrau. Erarbeitet und aufgef\u00fchrt mit der Weideklasse des Montessorizentrums N\u00fcrnberg <br>in den Weiden am Pegnitzgrund<\/p>\n\n\n\n<figure class=\"wp-block-image size-large is-resized\"><img loading=\"lazy\" decoding=\"async\" src=\"https:\/\/eleanora-allerdings.de\/2021\/wp-content\/uploads\/2021\/04\/dsc_1442-1024x683.jpg\" alt=\"\" class=\"wp-image-143\" width=\"256\" height=\"171\" srcset=\"https:\/\/eleanora-allerdings.de\/2021\/wp-content\/uploads\/2021\/04\/dsc_1442-1024x683.jpg 1024w, https:\/\/eleanora-allerdings.de\/2021\/wp-content\/uploads\/2021\/04\/dsc_1442-300x200.jpg 300w, https:\/\/eleanora-allerdings.de\/2021\/wp-content\/uploads\/2021\/04\/dsc_1442-768x512.jpg 768w, https:\/\/eleanora-allerdings.de\/2021\/wp-content\/uploads\/2021\/04\/dsc_1442-1536x1024.jpg 1536w, https:\/\/eleanora-allerdings.de\/2021\/wp-content\/uploads\/2021\/04\/dsc_1442-2048x1365.jpg 2048w\" sizes=\"auto, (max-width: 256px) 100vw, 256px\" \/><figcaption>Weidenbaumtraum<\/figcaption><\/figure>\n\n\n\n<p style=\"font-size:14px\"><strong>Picasso-Zirkus<\/strong><br>mit Grundschulklassen<\/p>\n\n\n\n<figure class=\"wp-block-image size-full is-style-default\"><img loading=\"lazy\" decoding=\"async\" width=\"640\" height=\"480\" src=\"https:\/\/eleanora-allerdings.de\/2021\/wp-content\/uploads\/2021\/08\/DSC01900.jpg\" alt=\"\" class=\"wp-image-848\" srcset=\"https:\/\/eleanora-allerdings.de\/2021\/wp-content\/uploads\/2021\/08\/DSC01900.jpg 640w, https:\/\/eleanora-allerdings.de\/2021\/wp-content\/uploads\/2021\/08\/DSC01900-300x225.jpg 300w\" sizes=\"auto, (max-width: 640px) 100vw, 640px\" \/><\/figure>\n\n\n\n<p style=\"font-size:14px\"><strong><strong>Zeitungstheater <br><\/strong><\/strong>f\u00fcr 7. und 8. Klasse<\/p>\n\n\n\n<figure class=\"wp-block-image size-medium is-resized\"><img loading=\"lazy\" decoding=\"async\" src=\"https:\/\/eleanora-allerdings.de\/2021\/wp-content\/uploads\/2021\/06\/img_20161015_100912-1-edited-300x226.jpg\" alt=\"Zeitungstheater\" class=\"wp-image-631\" width=\"225\" height=\"170\" srcset=\"https:\/\/eleanora-allerdings.de\/2021\/wp-content\/uploads\/2021\/06\/img_20161015_100912-1-edited-300x226.jpg 300w, https:\/\/eleanora-allerdings.de\/2021\/wp-content\/uploads\/2021\/06\/img_20161015_100912-1-edited-1024x771.jpg 1024w, https:\/\/eleanora-allerdings.de\/2021\/wp-content\/uploads\/2021\/06\/img_20161015_100912-1-edited-768x578.jpg 768w, https:\/\/eleanora-allerdings.de\/2021\/wp-content\/uploads\/2021\/06\/img_20161015_100912-1-edited-1536x1156.jpg 1536w, https:\/\/eleanora-allerdings.de\/2021\/wp-content\/uploads\/2021\/06\/img_20161015_100912-1-edited-2048x1542.jpg 2048w\" sizes=\"auto, (max-width: 225px) 100vw, 225px\" \/><figcaption>Zeitungstheater<\/figcaption><\/figure>\n<\/div>\n\n\n\n<div class=\"wp-block-jetpack-layout-grid-column wp-block-jetpack-layout-grid__padding-none\">\n<p style=\"font-size:14px\"><strong>Stadtpiraten:<\/strong> <br>Ein Stadtteilprojekt mit <br>Theater und bildender Kunst\u00a0<\/p>\n\n\n\n<figure class=\"wp-block-image size-large\"><a href=\"https:\/\/eleanora-allerdings.de\/2021\/wp-content\/uploads\/2021\/04\/stadtpiraten-neu_02-1.pdf\" target=\"_blank\" rel=\"noopener\"><img loading=\"lazy\" decoding=\"async\" width=\"1024\" height=\"724\" src=\"https:\/\/eleanora-allerdings.de\/2021\/wp-content\/uploads\/2021\/06\/Stadtpiraten-NEU_02-1_Seite_01-1024x724.jpg\" alt=\"\" class=\"wp-image-708\" srcset=\"https:\/\/eleanora-allerdings.de\/2021\/wp-content\/uploads\/2021\/06\/Stadtpiraten-NEU_02-1_Seite_01-1024x724.jpg 1024w, https:\/\/eleanora-allerdings.de\/2021\/wp-content\/uploads\/2021\/06\/Stadtpiraten-NEU_02-1_Seite_01-300x212.jpg 300w, https:\/\/eleanora-allerdings.de\/2021\/wp-content\/uploads\/2021\/06\/Stadtpiraten-NEU_02-1_Seite_01-768x543.jpg 768w, https:\/\/eleanora-allerdings.de\/2021\/wp-content\/uploads\/2021\/06\/Stadtpiraten-NEU_02-1_Seite_01.jpg 1170w\" sizes=\"auto, (max-width: 767px) 89vw, (max-width: 1000px) 54vw, (max-width: 1071px) 543px, 580px\" \/><\/a><figcaption> ein Kultur-macht-stark-Projekt <\/figcaption><\/figure>\n\n\n\n<p style=\"font-size:14px\"><strong>Phantastische Tierwesen <\/strong><br><strong>und wo wir sie finden k\u00f6nnen:<\/strong> <br>Ein KinderKunstTheaterProjekt<\/p>\n\n\n\n<figure class=\"wp-block-image size-large\"><a href=\"https:\/\/eleanora-allerdings.de\/2021\/wp-content\/uploads\/2021\/06\/Fantastische_Tierwesen-Katalog.pdf\" target=\"_blank\" rel=\"noopener\"><img loading=\"lazy\" decoding=\"async\" width=\"1024\" height=\"724\" src=\"https:\/\/eleanora-allerdings.de\/2021\/wp-content\/uploads\/2021\/06\/Fantastische_Tierwesen-Katalog-pdf-1024x724.jpg\" alt=\"\" class=\"wp-image-710\"\/><\/a><figcaption>ein Kultur-macht-stark-Projekt<\/figcaption><\/figure>\n\n\n\n<div style=\"height:37px\" aria-hidden=\"true\" class=\"wp-block-spacer\"><\/div>\n\n\n\n<p class=\"margin-top-half has-small-font-size\">.   <\/p>\n\n\n\n<div style=\"height:64px\" aria-hidden=\"true\" class=\"wp-block-spacer\"><\/div>\n<\/div>\n<\/div>\n\n\n\n<p><\/p>\n","protected":false},"excerpt":{"rendered":"<p>Ausgehend von einem Thema oder einem spannenden Format erarbeite ich Auff\u00fchrungen mit Kindern und finde mit ihnen gemeinsam spannende Wege zum Zeigen. Hier eine kleine Auswahl von Themen und Formaten der letzten Jahre: Der Weidenbaumtraum: Ein irisches M\u00e4rchen &amp; die wahre Geschichte der Baumfrau. Erarbeitet und aufgef\u00fchrt mit der Weideklasse des Montessorizentrums N\u00fcrnberg in den &hellip; <\/p>\n<p class=\"link-more\"><a href=\"https:\/\/eleanora-allerdings.de\/2021\/kinder-2\/\" class=\"more-link\"><span class=\"screen-reader-text\">\u201e+ Kinder\u201c <\/span>weiterlesen<\/a><\/p>\n","protected":false},"author":1,"featured_media":0,"parent":0,"menu_order":0,"comment_status":"closed","ping_status":"closed","template":"","meta":{"footnotes":""},"class_list":["post-601","page","type-page","status-publish","hentry"],"jetpack_sharing_enabled":true,"_links":{"self":[{"href":"https:\/\/eleanora-allerdings.de\/2021\/wp-json\/wp\/v2\/pages\/601","targetHints":{"allow":["GET"]}}],"collection":[{"href":"https:\/\/eleanora-allerdings.de\/2021\/wp-json\/wp\/v2\/pages"}],"about":[{"href":"https:\/\/eleanora-allerdings.de\/2021\/wp-json\/wp\/v2\/types\/page"}],"author":[{"embeddable":true,"href":"https:\/\/eleanora-allerdings.de\/2021\/wp-json\/wp\/v2\/users\/1"}],"replies":[{"embeddable":true,"href":"https:\/\/eleanora-allerdings.de\/2021\/wp-json\/wp\/v2\/comments?post=601"}],"version-history":[{"count":9,"href":"https:\/\/eleanora-allerdings.de\/2021\/wp-json\/wp\/v2\/pages\/601\/revisions"}],"predecessor-version":[{"id":849,"href":"https:\/\/eleanora-allerdings.de\/2021\/wp-json\/wp\/v2\/pages\/601\/revisions\/849"}],"wp:attachment":[{"href":"https:\/\/eleanora-allerdings.de\/2021\/wp-json\/wp\/v2\/media?parent=601"}],"curies":[{"name":"wp","href":"https:\/\/api.w.org\/{rel}","templated":true}]}}